the hundreds digit of z?
9
Let h(v) be the third derivative of -5/6*v**4 - 3*v**2 + 0 + 0*v + 1/3*v**3. What is the units digit of h(-1)?
2
Let p = 1575 - -893. What is the units digit of p?
8
Suppose -3*q = -252 - 186. Let x = q - 14. What is the units digit of x?
2
Suppose -1621 = -5*g - 3*a, 135 = -g - 2*a + 462. What is the hundreds digit of g?
3
Let v(c) = c**2 + c - 1. Let y be v(-3). Let g be -29 - (0 - 1/(-1)). What is the units digit of 4/((g/(-57))/y)?
8
Let i(n) = -n**3 + 7*n**2 - 6*n. Let r be i(6). Suppose -u + 5*v + 2 = 0, -3*u + 1 = -4*v - 5. Suppose -80 = -r*a - u*a. What is the units digit of a?
0
Suppose -y + 5*y = -4*s + 16, -s + 4 = 3*y. Suppose 0 = -2*g - c - 13, -c - c + 10 = y. What is the units digit of 8/3 - 3/g?
3
Let r = 11 - -2501. What is the tens digit of r?
1
Let f(k) = -k**3 + 7*k**2 - 2*k + 3. Let b be f(7). Suppose 2*g + 3*z = -4, -5*g - 3*z + 7 - 35 = 0. Let o = g - b. What is the units digit of o?
3
Suppose -3*a = -1380 - 4134. What is the thousands digit of a?
1
Let u = 48 - 84. Let z = -14 + 20. What is the units digit of (-440)/u - z/27?
2
Suppose 0 = -5*r - 0*r - 495. Suppose -4*p - 684 = -52. Let c = r - p. What is the tens digit of c?
5
Let n(v) be the second derivative of -v**4/12 - 2*v**3 + 13*v**2/2 + 5*v. Suppose t = -7 - 4. What is the units digit of n(t)?
4
What is the units digit of (-8)/(-20) - (2 + (-403)/5)?
9
Let f(v) = -v**2 - 3*v + 22. Let y be f(-9). Let b = y + 35. Suppose c - 45 = 7*g - 3*g, 0 = b*g - 6. What is the units digit of c?
3
Let l(b) = 5*b**3 + b. Let t be l(-1). Let z(f) = -f**2 - 6*f + 2. Let x be z(t). Let a = 16 - x. What is the tens digit of a?
1
Let p = 317 + -193. What is the units digit of p?
4
What is the thousands digit of (-1 + (38 - -3))*1194/15?
3
Suppose -3*m = -3*g - 5289, 2*m - 13*g - 3541 = -16*g. What is the units digit of m?
6
Let a(k) = 9*k + 7. Let v be a(2). Let n be 1/3 - (-4)/6. Let p = n + v. What is the units digit of p?
6
What is the units digit of 279675/81 - 8/(-36)?
3
Let s be ((-104)/10)/((-9)/45). Let m = s - 10. What is the tens digit of m?
4
Suppose 4 + 4 = 2*l. Suppose 3*r = l*n - 109, 5*r - 19 = -2*n + 42. What is the units digit of n?
8
What is the tens digit of 18356/65*(3 - (-2)/(-4))?
0
Suppose 0 = -2*r + 4*x + 5974, -3*r + 2*x = 168 - 9137. What is the units digit of r?
1
Let f be 7 - (3/((-9)/(-6)) + -4). What is the hundreds digit of (-4)/f + (-3518)/(-18)?
1
Let g = 2429 - 1127. What is the tens digit of g?
0
Let s = -21 - -2. Let o be 12/(-16) + s/(-4). Suppose -93 = -o*d + d. What is the tens digit of d?
3
Suppose 0 = 3*z - 456 - 672. Suppose 6*g - z = -94. What is the tens digit of g?
4
Let g(p) = 3*p**2 + p - 42. What is the hundreds digit of g(-25)?
8
Suppose 0 = 3*d + 7*d + 10. Let t(q) = 95*q**2 + 1. What is the tens digit of t(d)?
9
Let j(w) = -w**3 - 2*w**2 - 4*w - 3. Let a be (1 + -1)*(-7 - -6). Suppose a = h - 0 + 2. What is the units digit of j(h)?
5
What is the units digit of 4/(-1) + 204*(-54)/(-24)?
5
Suppose -y = -0*y + 5, 3125 = 5*n - 4*y. What is the tens digit of n?
2
Suppose -7*t + 3*t + 184 = 0. Let n = t - 30. What is the units digit of n?
6
Let q(g) = 4*g - 9. Let s be q(6). Suppose -c + s = -44. What is the units digit of c?
9
Let x = -1342 + 3426. What is the hundreds digit of x?
0
What is the units digit of 132/32*4*6?
9
Let b(s) = 4*s**3 + 2*s - 3. Let d be b(1). Suppose 2*w = d*z - 56, 4*z - 43 - 43 = -3*w. What is the units digit of z?
0
Suppose 0*t - 2*t = -4. Suppose t*g - 2*j - 41 = 7, 5*j = 20. Suppose 5*p = p + g. What is the units digit of p?
7
Let a be (762/(-4))/((-15)/(-20)). Let v = 458 + a. What is the units digit of v?
4
Suppose -5*n + 2*o = -2833 - 644, 0 = 4*n - 4*o - 2772. What is the hundreds digit of n?
6
Let s(c) = -18 - c**2 + 18 + 7*c**3. Suppose -6 + 1 = -5*a. What is the units digit of s(a)?
6
Let b(q) = -q**3 - 6*q**2 + 11*q - 4. What is the units digit of b(-8)?
6
Let m(q) = -2*q - 6. Let h be m(-4). Suppose h*d - 3*d + 32 = 0. What is the tens digit of d?
3
Suppose -20 = -4*j + 2*r + 110, -2*j + 53 = 3*r. Suppose w + j = 57. What is the tens digit of w?
2
Let x(p) = -2*p**3 - 5*p**2 + p + 4. Let h be x(-5). Let v = h + -45. What is the units digit of v?
9
Let u be (-2)/(-4) + (-104)/16. What is the units digit of u/(-2) + -6 - -10?
7
Let j = -62 + 229. What is the units digit of j?
7
Suppose 4*r - 80 = -3*v, 10*v - 5*v = 3*r - 89. What is the tens digit of r?
2
Let u = -10 + 10. Suppose 5*a + u*a = 195. What is the tens digit of a?
3
Suppose -39*q + 38*q + 10 = 0. Let k be (-9 + q)*14/2. Suppose 59 + k = m. What is the tens digit of m?
6
Let r = 3598 - 84. What is the hundreds digit of r?
5
Suppose -3*x - 6 = -5*x. Let d be (-1)/((-2)/2) + x. Suppose d*p - 220 = -5*m, 3*p + 3*m + 6 - 168 = 0. What is the tens digit of p?
5
Let z(u) = 8*u**2 + u + 4. Suppose 5*c = -3*a + 11, -c = -0*a + a - 1. What is the units digit of z(a)?
3
Suppose -2*z - 4*p + p + 87 = 0, 5*z - 5*p - 280 = 0. Let l = -31 + z. What is the tens digit of l?
2
What is the units digit of (136/(-204))/(2/(-3357))?
9
Suppose 0*b = 4*l + 4*b - 20, -2*l = -b - 19. Suppose -y = 5, 3*u - 4*y - l = 7*u. Suppose -7*r + 19 = 3*c - u*r, -2*r = -8. What is the units digit of c?
1
What is the thousands digit of 2/6 - 25772/(-12)?
2
Let c be (-4)/10 + 60/25. Suppose -3*d + 8 = 2*z, 0*d + c*z - 8 = -d. Suppose d = 2*w - 2*u - 42, 4*w - u - 99 = -2*u. What is the units digit of w?
4
Suppose 5*d + 5*t - 54 - 161 = 0, -5*t = -5*d + 265. Let q be 32/d*3/(-2). What is the tens digit of (52 - -2) + (0 - q)?
5
Let u(y) = -8*y + 153. What is the tens digit of u(-46)?
2
Let s be -1*(1 - (-2 - -5)). Let r(b) be the first derivative of b**3 - b**2 + b - 10. What is the units digit of r(s)?
9
Suppose 5*n + 4*r = 0, -3*n + 4*r = -0*n. Let w = n - -3. Suppose w*y - 72 = -y. What is the tens digit of y?
1
Let z(t) = -3*t**2 - 15*t + 10. Let j be z(-10). What is the tens digit of (46/8)/(3 + 415/j)?
6
Suppose -4*t = -2*n + 2336, n - t - 1168 = -0*t. What is the units digit of n?
8
Let f be 18*3*((-6)/4 - -4). Let m = f - -39. What is the tens digit of m?
7
Let n(h) = 28*h**2 - 3*h - 2. Let g be n(2). Suppose -27 = -z + g. What is the hundreds digit of z?
1
Let b = 22 + -42. Let a = 40 - b. What is the tens digit of a?
6
Suppose -2*a = -2*l - 14, 2*a - l = 6*a - 53. Let s = -7 + a. Suppose -4*o = -3*t - 152, o - 15 = -0*o - s*t. What is the units digit of o?
5
Suppose 0 = 2*b - 5*b + 6. Suppose -b*z + 0 = -4*c - 2, -3*c = -2*z + 2. Suppose -3*k + 5 = -4*t, -4*k = -c*t - 2*t - 10. What is the units digit of k?
3
Suppose 5*s = 8 + 17. Suppose s*v = 4*v + 15. What is the tens digit of v?
1
Let x(m) = 8*m + 19*m**2 - 26 + m**3 - 3*m - 22*m**2 + 16*m**2. What is the units digit of x(-12)?
8
Suppose 4 = 4*m - 4*d + 20, -3*d + 6 = 0. What is the tens digit of 4/(m - 2)*(1 - 136)?
3
Let w(j) = 32*j**3 + 11*j**2 + 3*j + 5. Let f(n) = 11*n**3 + 4*n**2 + n + 2. Let y(b) = -8*f(b) + 3*w(b). Let l = 12 + -11. What is the units digit of y(l)?
9
Suppose 4*p - 43 = -y + 40, 4*y + 2*p - 290 = 0. What is the tens digit of y?
7
Suppose 3*k - 156 = 7*k. Let o = -34 - k. Suppose 3*p - 210 = -o*g, -3*g - g + 185 = -p. What is the tens digit of g?
4
Let o(l) be the first derivative of -l**3/3 - 11*l**2/2 - 6*l - 1. Let a be o(-10). Suppose -f + 30 = 2*w, -90 = -3*f + w + a*w. What is the tens digit of f?
3
Suppose n = m - 0*m - 20, 2*m + 4*n = 70. Let g = m - 14. What is the tens digit of g?
1
Suppose -5*p = -a - 23, 5*p = p + 20. Suppose h - 18 = -4*b - a, h - 4*b = 0. What is the units digit of (-18)/(-12)*h/6?
2
Let x(t) = 0*t + 5 + 5*t - t**3 + 0 - 17*t + 11*t**2. What is the tens digit of x(8)?
0
Suppose -36 = -2*j + w, 0*w + 54 = 3*j - 5*w. Suppose j*y = 9*y + 2151. What is the units digit of y?
9
Let y(s) = -4*s**2 + 5*s - 4. Let w(r) = -2*r**2 + 3*r - 2. Let a(t) = 5*w(t) - 3*y(t). What is the units digit of a(-3)?
0
Let q = -25 - -11. Let t = q + 69. What is the tens digit of (2 - 1)/(5/t)?
1
Let f(n) = -3*n**2 - 120*n - 61. What is the hundreds digit of f(-28)?
9
Suppose 270 = -0*a + 9*a. Let u = a + 25. What is the units digit of u?
5
Suppose 1271*u = 1278*u - 7. What is the units digit of u?
1
Suppose 0 = 2*l + 4*x + 16, 2*l + 0*x + 5*x + 21 = 0. Let